{"id":112,"date":"2024-06-11T10:45:25","date_gmt":"2024-06-11T10:45:25","guid":{"rendered":"http:\/\/rbmegatours.de\/?page_id=112"},"modified":"2024-06-19T11:30:23","modified_gmt":"2024-06-19T11:30:23","slug":"neuigkeiten","status":"publish","type":"page","link":"https:\/\/rbmegatours.de\/?page_id=112","title":{"rendered":"Neuigkeiten"},"content":{"rendered":"\r\n<p><strong>Liebe Kunden, Freunde, G\u00e4ste meines Reiseb\u00fcros Megatours,<\/strong><\/p>\r\n\r\n\r\n\r\n<div class=\"wp-block-media-text is-stacked-on-mobile is-vertically-aligned-top\">\r\n<figure class=\"wp-block-media-text__media\"><img loading=\"lazy\" decoding=\"async\" width=\"834\" height=\"834\" class=\"wp-image-131 size-full\" src=\"https:\/\/rbmegatours.de\/wp-content\/uploads\/2024\/06\/gerry.jpeg\" alt=\"\" srcset=\"https:\/\/rbmegatours.de\/wp-content\/uploads\/2024\/06\/gerry.jpeg 834w, https:\/\/rbmegatours.de\/wp-content\/uploads\/2024\/06\/gerry-300x300.jpeg 300w, https:\/\/rbmegatours.de\/wp-content\/uploads\/2024\/06\/gerry-150x150.jpeg 150w, https:\/\/rbmegatours.de\/wp-content\/uploads\/2024\/06\/gerry-768x768.jpeg 768w, https:\/\/rbmegatours.de\/wp-content\/uploads\/2024\/06\/gerry-630x630.jpeg 630w, https:\/\/rbmegatours.de\/wp-content\/uploads\/2024\/06\/gerry-60x60.jpeg 60w\" sizes=\"(max-width: 834px) 100vw, 834px\" \/><\/figure>\r\n<div class=\"wp-block-media-text__content\">\r\n<p>30 Jahre lang ist mein Reiseb\u00fcro Megatours hier in der Alten Heerstra\u00dfe 60 in Sankt Augustin eine feste Institution gewesen.<\/p>\r\n\r\n\r\n\r\n<p>Ich habe mich immer gefreut, Sie bei Ihren Urlaubspl\u00e4nen unterst\u00fctzen und beraten zu d\u00fcrfen.<\/p>\r\n\r\n\r\n\r\n<p>Mit Vielen, die mich von Anfang an begleitet haben, habe ich intensive Gespr\u00e4che gef\u00fchrt, die weit \u00fcber ein Verkaufsgespr\u00e4ch hinausgehen. \u00dcber all die Jahre habe ich die Familien kennengelernt und wir haben gemeinsam Geschichten ausgetauscht, freudig Kinder und Enkel begr\u00fc\u00dft und manchmal auch einen traurigen Anlass geteilt. Fast so wie in einer gro\u00dfen Familie.<\/p>\r\n\r\n\r\n\r\n<p>Dennoch habe ich mich schon seit der f\u00fcr mich wirtschaftlich schweren Corona-Zeit mit dem Gedanken besch\u00e4ftigt, diesen geliebten Ort zu schlie\u00dfen. Lange habe ich gez\u00f6gert, da mir mein kleines B\u00fcro und diese Begegnungsm\u00f6glichkeit mit Ihnen sehr am Herzen liegen. Leider ist es mir als Einzelunternehmerin aber nicht m\u00f6glich, das B\u00fcro auf dem bisherigen Weg weiterzuf\u00fchren.<\/p>\r\n\r\n\r\n\r\n<p>So werde ich den Gesch\u00e4ftsraum ab dem 01.07.2024 schlie\u00dfen. Meine T\u00e4tigkeit f\u00fchre ich jedoch zu 100% und genauso professionell wie bisher als mobiles Reiseb\u00fcro weiter. Alle Buchungen behalten Ihre G\u00fcltigkeit. Sie k\u00f6nnen mich jederzeit telefonisch oder per Mail erreichen. Als mobile Reiseberaterin bin ich f\u00fcr Sie noch flexibler da als zuvor. Ein Anruf gen\u00fcgt, um Ihre Urlaubsw\u00fcnsche zu besprechen. Urlaubsideen und Angebote k\u00f6nnen wir dann in einem pers\u00f6nlichen Termin oder \u00fcber E-Mail\/Telefon besprechen. Gerne d\u00fcrfen Sie ganz unverbindlich zu mir nach Hause kommen, oder ich komme zu Ihnen. Bei einem Kaffee oder Tee planen wir Ihren Urlaub in aller Ruhe.\u00a0<\/p>\r\n\r\n\r\n\r\n<p><em>\u201cJedem Anfang wohnt ein Zauber inne\u201d<\/em>,\u00a0 sagte Herman Hesse und daran glaube ich fest.\u00a0<\/p>\r\n\r\n\r\n\r\n<p>Es freut mich sehr, wenn Sie trotz dieser Umgestaltung auch weiterhin mir und meinem Gesch\u00e4ft die Treue halten. Ich m\u00f6chte Sie gerne auch in Zukunft bei der Planung Ihrer Reisen begleiten.<\/p>\r\n\r\n\r\n\r\n<p><strong>Herzliche Gr\u00fc\u00dfe<\/strong><\/p>\r\n\r\n\r\n\r\n<p><strong>Ihre Gerry R\u00fcckleben<\/strong><\/p>\r\n<\/div>\r\n<\/div>\r\n","protected":false},"excerpt":{"rendered":"<p>Liebe Kunden, Freunde, G\u00e4ste meines Reiseb\u00fcros Megatours, 30 Jahre lang ist mein Reiseb\u00fcro Megatours hier in der Alten Heerstra\u00dfe 60 in Sankt Augustin eine feste Institution gewesen. Ich habe mich immer gefreut, Sie bei Ihren Urlaubspl\u00e4nen unterst\u00fctzen und beraten zu d\u00fcrfen. Mit Vielen, die mich &hellip; <\/p>\n","protected":false},"author":1,"featured_media":0,"parent":0,"menu_order":0,"comment_status":"closed","ping_status":"closed","template":"","meta":{"footnotes":""},"_links":{"self":[{"href":"https:\/\/rbmegatours.de\/index.php?rest_route=\/wp\/v2\/pages\/112"}],"collection":[{"href":"https:\/\/rbmegatours.de\/index.php?rest_route=\/wp\/v2\/pages"}],"about":[{"href":"https:\/\/rbmegatours.de\/index.php?rest_route=\/wp\/v2\/types\/page"}],"author":[{"embeddable":true,"href":"https:\/\/rbmegatours.de\/index.php?rest_route=\/wp\/v2\/users\/1"}],"replies":[{"embeddable":true,"href":"https:\/\/rbmegatours.de\/index.php?rest_route=%2Fwp%2Fv2%2Fcomments&post=112"}],"version-history":[{"count":6,"href":"https:\/\/rbmegatours.de\/index.php?rest_route=\/wp\/v2\/pages\/112\/revisions"}],"predecessor-version":[{"id":1857,"href":"https:\/\/rbmegatours.de\/index.php?rest_route=\/wp\/v2\/pages\/112\/revisions\/1857"}],"wp:attachment":[{"href":"https:\/\/rbmegatours.de\/index.php?rest_route=%2Fwp%2Fv2%2Fmedia&parent=112"}],"curies":[{"name":"wp","href":"https:\/\/api.w.org\/{rel}","templated":true}]}}